). Suppose -2777 + 425 = -g*o. List the prime factors of o.
2, 7
List the prime factors of -1 - -4 - (2 - 4 - 1486).
3, 7, 71
Suppose 2*u + 2 = 0, -3*d = -0*d - u + 86. Let k = d - -29. Suppose 30 = r + 4*p, 4*r + 3*p - 68 = -k*p. What are the prime factors of r?
2, 7
Let c(a) = -a**3 - 17*a**2 - 4*a - 8. Suppose 0 = -0*o + 3*o + 51. What are the prime factors of c(o)?
2, 3, 5
Suppose -4*p - 14 = -2*w, 6*p + 31 = 4*w + p. Let i(z) = z**2 - 6*z + 5. What are the prime factors of i(w)?
2
Let v(y) = 103*y - 89. What are the prime factors of v(7)?
2, 79
Suppose -a - 180 = -6*a. Let m = 39 - a. Suppose -2*j + 88 = 5*l - 2, -4*l = -m*j - 72. What are the prime factors of l?
2, 3
Let w be 4/18 + 75/27. Let k be 2/w + 2/6. Suppose r - 14 - k = 0. What are the prime factors of r?
3, 5
Let h = -713 - -2274. List the prime factors of h.
7, 223
Suppose 19 = y + 4*y - v, 2*y - 10 = v. List the prime factors of (y/4)/((-1)/(-8)).
2, 3
Suppose 37*d + 12649 = 42323. List the prime factors of d.
2, 401
Suppose 0 = -643*k + 657*k - 37968. What are the prime factors of k?
2, 3, 113
Let x = 1578 - 721. List the prime factors of x.
857
What are the prime factors of (-3978)/(-7) + (-395)/(-553)?
569
Suppose -4*g = -666 + 22. List the prime factors of g.
7, 23
Suppose 0 = 4*c - 11*c + 4648. Suppose 17*t = 21*t - c. List the prime factors of t.
2, 83
Let g be 2784/176 - 2/(-11). Suppose 4*h = 7*h + 5*o - 4, 0 = -4*o - g. List the prime factors of h.
2
Let g = 1838 - -1994. List the prime factors of g.
2, 479
Suppose 527*r = 533*r - 15978. What are the prime factors of r?
2663
Suppose -20*g + 3452 + 29828 = 0. What are the prime factors of g?
2, 13
Let x(q) = -5*q**3 - 6*q**2 + q + 4. Let m(v) = -6*v**3 - 7*v**2 + 3. Let n(j) = 3*m(j) - 4*x(j). List the prime factors of n(3).
2, 31
Let l(a) = 16*a. Let j be l(1). Let t = -99 - -110. Let w = j + t. List the prime factors of w.
3
Suppose 2*l = -13*u + 15*u - 1782, 3558 = 4*u + 2*l. What are the prime factors of u?
2, 5, 89
Suppose 5*d = -2*p - 11, 3*d + 13 = -5*p - 5. Let f be -1 + (-3 - -2)*p. Suppose -3*m - f*m = -4*q + 106, q + 5*m - 14 = 0. What are the prime factors of q?
2, 3
Let o(d) = d**2 - 10*d + 4. What are the prime factors of o(-7)?
3, 41
Let v be ((-2)/(-7))/((-8)/(-28)). List the prime factors of (-37)/((-64)/12 + v + 4).
3, 37
Suppose -5*f + 652 = 107. Let k = f - 65. What are the prime factors of k?
2, 11
Suppose 0 = 2*w - 5*z - 61, -4*w - 2*z + 73 = -37. Let f = w - -8. What are the prime factors of f?
2, 3
Suppose 3*d - 2 + 8 = 0. Let m be -2*((-1)/d + -2). Suppose -5*t + 5*x + 16 = -24, m*t = -3*x - 6. What are the prime factors of t?
3
Suppose -59*c + 64*c = 220. Suppose -86 - c = -y. What are the prime factors of y?
2, 5, 13
Let v be (-9 + 7)*418/(-4). Let l = -128 + v. List the prime factors of l.
3
Let y(s) = -s**2 + s + 10. Let f be 5/(-15) - (-16)/3. Suppose -j + 2*d - f = -3*d, -5*j = 5*d - 5. What are the prime factors of y(j)?
2, 5
List the prime factors of -1*(-9)/(-4)*-72.
2, 3
Suppose -4*l = -16*x + 20*x - 18144, -5*x + 4*l = -22698. List the prime factors of x.
2, 2269
Let o(w) = 715*w + 27. List the prime factors of o(5).
2, 1801
Let j(z) = z**3 - 10*z**2 + 6*z - 26. Suppose 3*n + c - 27 = 0, 0*n = -2*n + 5*c + 35. List the prime factors of j(n).
2, 17
Let y = 115 + -107. Let g(u) = -u**3 + 9*u**2 + 7*u - 25. What are the prime factors of g(y)?
5, 19
Let y(r) = -r**3 - 10*r**2 + 11*r - 8. Let q = -24 - -13. Let u be y(q). What are the prime factors of (-4)/(-1) + (32 - u)?
2, 11
Suppose -d + 0*d - 2*m + 7 = 0, -4*d + 5*m - 11 = 0. Let w(g) = -g**2 + g + 1. Let v be w(d). What are the prime factors of (v*-10)/((-10)/25)?
5
Suppose -4*a + 52 = 5*s, 5*s - 4*a = 27 + 41. Let g = -14 + s. What are the prime factors of g/7 - (-342)/21?
2
Suppose 5*p = 4*m - 11894, -17*m + 2973 = -16*m - p. List the prime factors of m.
2971
Suppose -25*x + 19*x = -402. Suppose -19 - x = -j. List the prime factors of j.
2, 43
Let z = 27 + -14. Let q = 18 - z. Suppose q*w - 42 = 98. List the prime factors of w.
2, 7
Let d be (-12)/28 + (-195)/35. List the prime factors of 2/(4 + d) + 21.
2, 5
Let k(g) = 8*g**2 + 12*g - 94. What are the prime factors of k(5)?
2, 83
Let o be ((-4)/(-12))/((-1)/(-69)). Let i = 89 - 88. Let m = o + i. What are the prime factors of m?
2, 3
Let g = -136 - -94. Let l = g - -67. Suppose l = -5*d, d = 3*o - 4*d - 58. What are the prime factors of o?
11
Let v(t) = -t**2 - t + 2. Suppose -3*i = -i. Let s be v(i). Suppose 3*p - p = s*d + 68, -2*d = -3*p + 102. List the prime factors of p.
2, 17
Let h(x) = -x**3 + 6*x**2 - 2*x + 2. Let d be h(3). Let n = -21 + d. Suppose 5*q - 5*j + j = 89, -n*q + 26 = -4*j. List the prime factors of q.
3, 7
Let i(v) = 6*v**3 + 7*v**2 - 9*v + 3. What are the prime factors of i(5)?
883
Let o = 64 - -171. What are the prime factors of o?
5, 47
Let g = -5 - -5. Suppose t - 2*t = g. Suppose t = -3*l + l + 62. What are the prime factors of l?
31
Suppose 2*b + 0*b - 274 = 0. Suppose -2*g + 5*y = -b, 128 = 4*g - 5*y - 121. What are the prime factors of g?
2, 7
Suppose 4 = 9*u + 103. Let k(v) = v**2 - 8*v - 25. List the prime factors of k(u).
2, 23
Let y(u) = 17*u**3 + 20*u**2 - 3*u + 2. List the prime factors of y(5).
2, 653
Suppose w = -3*v + 1363, -3*w = 5*v - 0*w - 2269. Suppose -2*u + 182 = s, 5*u - 3*s - v = -5*s. What are the prime factors of u?
7, 13
Suppose 383 = 4*w - 8*r + 3*r, -3*w - r = -311. List the prime factors of w.
2, 3, 17
Suppose 15 - 5 = 2*a. Suppose 0 = q - 2*p - 133, 0 = 4*q - 2*q + a*p - 293. What are the prime factors of q?
139
Suppose 0 = -4*v - 7*n + 2*n - 37, 2*v + 41 = 5*n. Let u be (-77)/14*(v - -1). Suppose u = -2*x + 5*x. List the prime factors of x.
2, 11
Suppose -3*q + 5*k - 3 = 8*k, 4*q - 41 = 5*k. Suppose -5*h = 2*a + 27 - 188, q*h = -3*a + 224. List the prime factors of a.
2, 17
Let w be 46/(-8)*(-3)/(6/16). Let p be (-2 - -1) + 2 + -29. Let i = p + w. List the prime factors of i.
2, 3
What are the prime factors of 18/39 + 875030/845?
2, 7, 37
Let m be 5 - 2/2*1. Suppose -78 = -m*r - 4*k + 194, r - 72 = -2*k. List the prime factors of r.
2
Let g(o) = -o + 22. Let w be g(22). Suppose 7*h - 39 - 150 = w. List the prime factors of h.
3
Let w(y) = -9*y**2 + 4 + 112*y**2 - 6 + 4. List the prime factors of w(1).
3, 5, 7
Let m = -37 - 29. Let t = m + 129. What are the prime factors of t?
3, 7
Let b = 51 + -55. Let l(s) = -s**3 + 8*s - 4. List the prime factors of l(b).
2, 7
What are the prime factors of -5 + 3594 - (-2 + 14)?
7, 73
Let r = -38 + 41. What are the prime factors of ((-3)/2 - -1)*(-324)/r?
2, 3
Let f(l) = -l**3 - 5*l**2 - 1 + 2*l**2 - 5 + 10. List the prime factors of f(-5).
2, 3
Let n be (-93)/(-3) + 0 + 2. Suppose n + 103 = 4*l. What are the prime factors of l?
2, 17
Suppose 15822 = -28*l + 83078. What are the prime factors of l?
2, 1201
Suppose w - 8 = -5. Suppose -4*z + 4*s = -w - 1, -5*z + 3*s - 1 = 0. What are the prime factors of (-28)/(z*4/8)?
2, 7
Suppose 13*y = 12*y + 1602. What are the prime factors of y?
2, 3, 89
Let w(n) = -n**2 + 6*n + 3. Let f be ((-16)/12)/(2/(-9)). List the prime factors of w(f).
3
Let n(c) = c**2 + 15*c + 63. List the prime factors of n(37).
1987
Let d = 90 + -60. Let r = 50 - d. Let w = 49 - r. What are the prime factors of w?
29
Suppose -198 = -5*b + 2*k, k - 34 = -b - 0*k. Suppose -4*f + b = 2*v, 0 = f + 2*v - 5*v + 1. List the prime factors of f/(-16)*(0 + -14).
7
Let q = 660 + -112. List the prime factors of q.
2, 137
Let u(k) = 3*k**3 - 4*k**2 + 2*k + 1. Let x be u(2). Suppose -x*j = -12*j - 52. Suppose -j = -2*w + 16. What are the prime factors of w?
2, 17
List the prime factors of (4*(-4)/(-16))/((-6)/(-1602)).
3, 89
Suppose -5*u - 738 = -3408. List the prime factors of u.
2, 3, 89
Suppose 0 = 2*x - 2*o - 62, -2*o - 100 = -4*x - 4*o. Suppose 29*f - x*f - 222 = 0. What are the prime factors of f?
3, 37
Let m be 3/2*6 + 0. Suppose -2*n - 61 = -5*n - 2*p, p = -5*n + 97. Let o = n - m. List the prime factors of o.
2, 5
Suppose -5*o + 2*o - 2*x = -8, 5*x = -3*o - 7. Let z(k) = -2*k + 13. Let l be z(o). What are the prime factors of (-1 - l) + 6 - -2?
2, 3
Suppose 4*x + 569 = 8*x - 3*f, x = 2*f + 136. Suppose -8*v + 46 = -x. What are the prime factors of v?
2, 3
Let h = 465 - 325. 